5*c + 97. What are the prime factors of v?
3, 13
Let z = -32 - -56. What are the prime factors of z?
2, 3
Suppose -p + 5 - 13 = 0. Let y = p - -25. List the prime factors of y.
17
Let d = -7 - 3. List the prime factors of (-45)/18*84/d.
3, 7
Suppose -115 - 83 = -2*b. What are the prime factors of b?
3, 11
Suppose 0 = -4*n - n + 115. Suppose 4*v = y - 5 + n, 0 = -2*v - 3*y + 2. Let a = v + -2. What are the prime factors of a?
2
Suppose -t + 2*t - 5*p - 32 = 0, -2*p = -5*t + 252. What are the prime factors of t?
2, 13
Suppose 216 = 2*p + o - 2*o, -540 = -5*p - 4*o. List the prime factors of p.
2, 3
Let m(f) = -4*f**2 + 9 - 2*f - 5*f + 5*f**2. List the prime factors of m(6).
3
Let t be (7 - 1)*20/6. List the prime factors of 10/(-4)*t/(-25).
2
Let n be (24/30)/(4/(-50)). Let m(h) = h**2 - 4*h + 9. Let d be m(6). Let t = n + d. What are the prime factors of t?
11
Suppose -68 - 34 = -3*j. What are the prime factors of j?
2, 17
Let t = 8 + -4. Suppose -3*n + 2*n + 3*w + 16 = 0, t*n + 4*w + 16 = 0. List the prime factors of (12 + -1)*(n + 0).
11
Let t = 125 + 105. List the prime factors of t.
2, 5, 23
Let k(p) be the first derivative of p**3/3 + 5*p**2/2 + 2*p - 3. Let y = -11 + 5. What are the prime factors of k(y)?
2
Let z = -52 - -100. What are the prime factors of z?
2, 3
Let d = 40 + -23. What are the prime factors of d?
17
Suppose -2*i = 2*h - 18, 6*i = 3*i + 3. Suppose -4*c + 0 = h, 0 = -4*w - c + 62. List the prime factors of w.
2
Suppose -2*g - 2*g + 16 = 0. Suppose 0 = -5*p - 11 - g. What are the prime factors of 2/p + 29/3?
3
Let b = -299 + 436. List the prime factors of b.
137
Let z be (1 + -1)*1/1. Suppose -2*j - v + 50 + 78 = z, 4*j = -3*v + 260. What are the prime factors of j?
2, 31
Let f = -7 + 11. Suppose -a - f*a = -20. List the prime factors of a.
2
Let g(d) = 7 + 4*d**3 - 5*d**3 - 6*d**2 + 2*d + d**2. Let v be g(-5). List the prime factors of -3 + (-6)/v - -8.
7
Let v(x) be the first derivative of -x**4/4 - 2*x**3/3 - x**2/2 + x + 7. Let g = -8 + 5. What are the prime factors of v(g)?
13
Let i = 1 - -1. What are the prime factors of i/(-6)*(-2 + -67)?
23
Let k be 53 - (-2)/(-2) - 0. Suppose 2*q + 4 + 6 = 0. What are the prime factors of 2/q + k/5?
2, 5
Suppose 0 = -3*m - 3*f + 8*f - 18, 0 = -4*m + 3*f - 13. What are the prime factors of (-4)/16*92/m?
23
Let z be -1*5*(-69)/(-3). What are the prime factors of (z/10)/(2/(-4))?
23
Let a(c) = -3*c**3 + 3*c**2 + 2*c. List the prime factors of a(-2).
2
Suppose -16 = -p + 61. What are the prime factors of p?
7, 11
Suppose 0 = 2*d + 2*d - 100. Let y = 35 - d. Suppose a = 6*a - y. List the prime factors of a.
2
Suppose 11*t = 10*t. Suppose t = 7*a - 6*a - 3. Suppose -6 = 2*r + r + 5*w, -r - 2*w - a = 0. What are the prime factors of r?
3
List the prime factors of 8/(0 - 3/(-3)).
2
Let x = 26 + 43. What are the prime factors of x?
3, 23
Let a(k) = k - 3 + 0 + 4 - 5. What are the prime factors of a(6)?
2
Suppose -3*f + 14 = -850. List the prime factors of f.
2, 3
Let u(o) = 2*o + 3. List the prime factors of u(2).
7
Let n = 40 - 11. Suppose -5*d + n = -4*d. List the prime factors of d.
29
Let l(g) = -15*g**3 + 3*g**2 + 18*g + 8. Let y(m) = 7*m**3 - m**2 - 9*m - 4. Let c(f) = 6*l(f) + 13*y(f). List the prime factors of c(-6).
2, 7
Let b be (-5)/(-20) - (-26)/(-8). Let w = b - -5. What are the prime factors of w?
2
Let o = -15 - -11. List the prime factors of 39*-1*(3 + o).
3, 13
Suppose -162 = -5*a + 3. Suppose 4*f = 2*b + 38, -5*f + b + 19 = -a. List the prime factors of f.
11
Let o = 2 + 0. Let i be (-1 + -1)/(o/(-22)). Let t = 32 - i. What are the prime factors of t?
2, 5
Suppose 4*f - 55 = -5*l, 0 = -2*l - 4*f + f + 29. Suppose -4*x - 6 = -l*x. Suppose x*w - 8 = -0*w. What are the prime factors of w?
2
Let c = -9 + 16. List the prime factors of c.
7
Suppose -2*n + 0*z + 3 = 3*z, 0 = n + 4*z + 1. Suppose -3*j + 54 + n = 0. Let y = j + -13. List the prime factors of y.
2, 3
Suppose -127 - 48 = -5*i. Let k be 4/(-14) - (-1375)/i. Suppose 3*z = k - 9. List the prime factors of z.
2, 5
Let r be -46 + (3 - 5) + 0. Let z = -16 - r. What are the prime factors of z?
2
Suppose -21 = 3*y - 3*s, -y - 3*s - 3 = 8. Let v = 10 + 9. Let l = y + v. List the prime factors of l.
11
Let w(v) = -10*v + 33. What are the prime factors of w(-14)?
173
Suppose -w + 5 + 7 = -5*u, -128 = -4*w + 4*u. What are the prime factors of w?
37
Let g = -12 + 14. Suppose -g*q + 3*u = -3*q + 31, q - 13 = 3*u. What are the prime factors of q?
2, 11
Let c = 2 + -2. Suppose -5*t + 3*t + 15 = 3*x, t + 3*x = c. List the prime factors of t.
3, 5
List the prime factors of 3 + 2/(-1) - -56.
3, 19
Let i(h) = -2 - 3*h**2 - 9*h**3 - 5*h + 8*h**3 + 4*h. List the prime factors of i(-4).
2, 3
Let o(p) = -2*p + 222. List the prime factors of o(0).
2, 3, 37
Suppose -4*u = -28 - 40. List the prime factors of u.
17
Let t(o) = 2*o**3 - 2*o**2 - 2*o + 1. Let l be t(2). Suppose -2*v - 3*v + l = -2*w, 2*v + 4*w = 26. List the prime factors of v - 1 - 2 - -7.
7
Let k(o) be the second derivative of o**4/12 - o**3 + 2*o**2 - o. List the prime factors of k(7).
11
Suppose 0 = -2*l - 4*h, h + 3*h = 3*l. List the prime factors of -6*(-4 + l/2).
2, 3
Let h(y) = -5*y. List the prime factors of h(-1).
5
Let d(l) = -l**2 + l + 1. Let s(c) = 3*c**2 + 4*c + 3. Let h(n) = -4*d(n) + s(n). Let y be h(-1). Suppose 4*m - m = y. What are the prime factors of m?
2
Let s = 0 + 7. What are the prime factors of s?
7
Suppose -74 = -4*v - 14. List the prime factors of v.
3, 5
Let n(j) be the first derivative of -j**4/4 + j**3 - 3*j**2/2 + j + 3. Let z be n(3). Let w = z - -13. List the prime factors of w.
5
List the prime factors of (-24 + -11)*(-2)/5.
2, 7
Suppose 3*i - 24 = -2*w + 12, -60 = -5*i + w. What are the prime factors of ((-76)/16)/((-3)/i)?
19
Let z(b) = 2 + 2*b - 2*b + 5*b + b**2. List the prime factors of z(-5).
2
Let d(a) = -a**3 + 8*a**2 - a + 11. Let m be d(8). Suppose 0*q - 21 = -2*q + 3*p, m*q = -p + 15. What are the prime factors of q?
2, 3
Suppose -3*o + o + 20 = 0. Let q = 3 + o. What are the prime factors of q?
13
Let y be 109/1 - (0 + 1). Suppose 0 = 4*d - 0*d - y. List the prime factors of d.
3
Suppose 4*o + 5*n = n, -5*o - 3*n = -2. Suppose -3*u + 10 = o. Let p(l) = l**2 - l + 1. List the prime factors of p(u).
7
Let n be (-2)/(2 + (-3)/2). Let f(z) = 14*z - 8. Let p(g) = -5*g + 3. Let i(u) = n*f(u) - 11*p(u). List the prime factors of i(-4).
3
Let w(k) = -3*k - 1. List the prime factors of w(-13).
2, 19
Suppose -4*t + h - 35 = 2*h, 2*t + 4*h + 14 = 0. Let y = 21 + t. List the prime factors of y.
2, 3
Suppose 8*o + 618 = 14*o. List the prime factors of o.
103
Suppose -2*g + 2*l - 7 = -55, 4*g = -5*l + 51. What are the prime factors of g?
19
Suppose -46*b - 1592 = -50*b. What are the prime factors of b?
2, 199
Suppose 1 - 6 = 5*i. Let c = 7 + i. Suppose -a + 3*a = c. List the prime factors of a.
3
Suppose 4*q = -0*q + 64. Suppose z + 0*z = q. List the prime factors of z.
2
Suppose -4*j - 284 = -8*j. List the prime factors of j.
71
Let b(p) = p - 8. Let r be b(10). Suppose r*s = 3*v - 0*v + 15, 2*s + 9 = -5*v. What are the prime factors of s?
3
Let k(s) = 4*s + 2. Let l be k(3). Let c = l + -8. What are the prime factors of c?
2, 3
Let s = 0 - 0. Suppose 3 = r - s. Suppose 36 = -0*p + r*p + 4*i, -p + 12 = 4*i. What are the prime factors of p?
2, 3
Let j(r) = r**2 + 2*r - 4. Let h be j(4). Let f be (-902)/5 - (-8)/h. What are the prime factors of f/(-22) + 6/(-33)?
2
Suppose 9*q = 4*q + 90. List the prime factors of (9/(-3))/((-3)/q).
2, 3
Suppose -3*w - 52 = -5*w + 4*i, -i - 111 = -4*w. Suppose -2*s = 4*q + 1 - 3, 4*s - w = 4*q. What are the prime factors of s?
5
Suppose 615 = 123*m - 118*m. What are the prime factors of m?
3, 41
Let u(r) = -r**3 - r**2 + 4*r - 1. Let w = 5 + -8. Let z be u(w). List the prime factors of z - (2 - 3)/(-1).
2
Let u = 69 + -20. Suppose 0 = -s + i + u, -i + 188 = 3*s + 45. What are the prime factors of s?
2, 3
Let y be 72/33 + 4/(-22). Suppose b + y = -0*b. What are the prime factors of (10/(-4))/(b/4)?
5
Let u(v) = -6*v**2 + 5*v - 5. Let r be u(3). Let q = 6 - r. List the prime factors of q.
2, 5
Suppose -2 - 2 = -4*i, -3*w + 13 = i. Suppose -3*g + g + w = 0. List the prime factors of g.
2
Suppose 14*h + 498 = 20*h